{"id":162,"date":"2025-03-28T20:42:27","date_gmt":"2025-03-28T19:42:27","guid":{"rendered":"https:\/\/ad-fontes-regensburg.de\/?page_id=162"},"modified":"2025-06-07T19:00:18","modified_gmt":"2025-06-07T17:00:18","slug":"das-bijou-des-logenbruders","status":"publish","type":"page","link":"https:\/\/ad-fontes-regensburg.de\/?page_id=162","title":{"rendered":"Das Bijou der Ad Fontes"},"content":{"rendered":"\n<div style=\"height:53px\" aria-hidden=\"true\" class=\"wp-block-spacer\"><\/div>\n\n\n\n<p>Das Bijou der Johannis-Freimaurerloge \u201eAd Fontes\u201c ist ein besonderes, weltweit einzigartiges und eigenst\u00e4ndiges Kunstwerk, das Logennamen und Leitmotiv in bildhafter Darstellung zum Leben erweckt. An einem hellblauen, circa 4 cm breiten und circa 70 cm langen Band, wird es bei offiziellen Anl\u00e4ssen stolz getragen.<\/p>\n\n\n\n<div class=\"wp-block-media-text is-stacked-on-mobile\" style=\"grid-template-columns:40% auto\"><figure class=\"wp-block-media-text__media\"><img loading=\"lazy\" decoding=\"async\" width=\"768\" height=\"1024\" src=\"https:\/\/ad-fontes-regensburg.de\/wp-content\/uploads\/2024\/08\/038497bf-8a2c-42f8-a3b4-686bae5fd90d-768x1024.jpg\" alt=\"\" class=\"wp-image-13 size-full\" srcset=\"https:\/\/ad-fontes-regensburg.de\/wp-content\/uploads\/2024\/08\/038497bf-8a2c-42f8-a3b4-686bae5fd90d-768x1024.jpg 768w, https:\/\/ad-fontes-regensburg.de\/wp-content\/uploads\/2024\/08\/038497bf-8a2c-42f8-a3b4-686bae5fd90d-225x300.jpg 225w, https:\/\/ad-fontes-regensburg.de\/wp-content\/uploads\/2024\/08\/038497bf-8a2c-42f8-a3b4-686bae5fd90d-1152x1536.jpg 1152w, https:\/\/ad-fontes-regensburg.de\/wp-content\/uploads\/2024\/08\/038497bf-8a2c-42f8-a3b4-686bae5fd90d.jpg 1368w\" sizes=\"auto, (max-width: 768px) 100vw, 768px\" \/><\/figure><div class=\"wp-block-media-text__content\">\n<p>Dem \u00e4sthetischen Wert geht ein ideeller voraus: Alle Gr\u00fcndungsmitglieder sind mit ihrem Herzen eng mit der Bauh\u00fctte und in der Region verwurzelt, so spiegeln sich Symbole aus dem Schloss Sch\u00f6nberg, wie der Falter, das musivische Pflaster aus dem Wandbild sowie das Allsehende Auge an der Kapellendecke wider.<\/p>\n<\/div><\/div>\n\n\n\n<p>In der Innenwahrnehmung wirkt es damit identit\u00e4tsstiftend und verbindend. In der Au\u00dfenwahrnehmung, beispielsweise beim Besuch anderer Logen, wird der Bruder als Repr\u00e4sentant und Botschafter der Loge \u201eAd Fontes\u201c erkannt.&nbsp;<\/p>\n\n\n\n<p>Allein durch die genaue Betrachtung des Bijous werden Denkprozesse angeregt. Es ist eine Frage der Perspektive und somit immanenter Teil des freimaurerischen Geheimnisses. Jenes, was das Bijou jedem einzelnen Bruder bedeutet, wird am Ende eben nur mit dem <strong>Herzen<\/strong> voll erfasst und begriffen, nicht mit dem rationalen Verstand.  <\/p>\n\n\n\n<figure class=\"wp-block-image aligncenter size-full\"><img loading=\"lazy\" decoding=\"async\" width=\"512\" height=\"512\" src=\"https:\/\/ad-fontes-regensburg.de\/wp-content\/uploads\/2025\/02\/cropped-AFR_final.png\" alt=\"\" class=\"wp-image-55\" srcset=\"https:\/\/ad-fontes-regensburg.de\/wp-content\/uploads\/2025\/02\/cropped-AFR_final.png 512w, https:\/\/ad-fontes-regensburg.de\/wp-content\/uploads\/2025\/02\/cropped-AFR_final-300x300.png 300w, https:\/\/ad-fontes-regensburg.de\/wp-content\/uploads\/2025\/02\/cropped-AFR_final-150x150.png 150w, https:\/\/ad-fontes-regensburg.de\/wp-content\/uploads\/2025\/02\/cropped-AFR_final-270x270.png 270w, https:\/\/ad-fontes-regensburg.de\/wp-content\/uploads\/2025\/02\/cropped-AFR_final-192x192.png 192w, https:\/\/ad-fontes-regensburg.de\/wp-content\/uploads\/2025\/02\/cropped-AFR_final-180x180.png 180w, https:\/\/ad-fontes-regensburg.de\/wp-content\/uploads\/2025\/02\/cropped-AFR_final-32x32.png 32w\" sizes=\"auto, (max-width: 512px) 100vw, 512px\" \/><figcaption class=\"wp-element-caption\">Das Bijou der Johannis-Freimaurerloge Ad Fontes i. Or. Regensburg<\/figcaption><\/figure>\n\n\n\n<p>Das kreisrunde Bijou hat einen Durchmesser von 50 mm. Auf Position 12 Uhr ist an der Au\u00dfenseite des Bijous, eine Befestigungs\u00f6se f\u00fcr das hellblaue Bijou-Band, angel\u00f6tet. <\/p>\n\n\n\n<p>Der Au\u00dfenrand der Bildseite (sog. Avers) ist leicht erhaben. Darunter, ebenfalls in erhabener, von 9 Uhr bis 3 Uhr umlaufender Schrift: \u201eJOHANNIS LOGE AD FONTES\u201c. <\/p>\n\n\n\n<p>Auf derselben Umlaufbahn, aber mittig auf 6 Uhr findet sich der Orient der Loge: \u201eREGENSBURG\u201c. \u00a0<\/p>\n\n\n\n<div class=\"wp-block-media-text is-stacked-on-mobile\" style=\"grid-template-columns:36% auto\"><figure class=\"wp-block-media-text__media\"><img loading=\"lazy\" decoding=\"async\" width=\"512\" height=\"512\" src=\"https:\/\/ad-fontes-regensburg.de\/wp-content\/uploads\/2025\/02\/cropped-AFR_final.png\" alt=\"\" class=\"wp-image-55 size-full\" srcset=\"https:\/\/ad-fontes-regensburg.de\/wp-content\/uploads\/2025\/02\/cropped-AFR_final.png 512w, https:\/\/ad-fontes-regensburg.de\/wp-content\/uploads\/2025\/02\/cropped-AFR_final-300x300.png 300w, https:\/\/ad-fontes-regensburg.de\/wp-content\/uploads\/2025\/02\/cropped-AFR_final-150x150.png 150w, https:\/\/ad-fontes-regensburg.de\/wp-content\/uploads\/2025\/02\/cropped-AFR_final-270x270.png 270w, https:\/\/ad-fontes-regensburg.de\/wp-content\/uploads\/2025\/02\/cropped-AFR_final-192x192.png 192w, https:\/\/ad-fontes-regensburg.de\/wp-content\/uploads\/2025\/02\/cropped-AFR_final-180x180.png 180w, https:\/\/ad-fontes-regensburg.de\/wp-content\/uploads\/2025\/02\/cropped-AFR_final-32x32.png 32w\" sizes=\"auto, (max-width: 512px) 100vw, 512px\" \/><\/figure><div class=\"wp-block-media-text__content\">\n<p>Im mittleren Teil ist auf 12 Uhr das erh\u00f6hte Auge Gottes im gleichseitigen Dreieck zu erkennen, von ihm gehen 10 erhabene Lichtstrahlen aus, sie symbolisieren die 10 Gr\u00fcndungsmitglieder.\u00a0<\/p>\n<\/div><\/div>\n\n\n\n<p>Zentral auf dem Bijou ist ein Falter aus massivem, aber vergoldetem 925er Silber, in seinem Flug, auf dem musivisch-gekachelten Segment in Richtung des Allsehenden Auges, der Urquelle allen Seins und Werdens, der ewigen Wahrheit, festgehalten. Diese Szenerie ist umlaufend, d.h. ohne Anfang und Ende, von einem erh\u00f6ht dargestellten Kordelband eingeschlossen; es trennt die Szenerie vom Schriftzug ab. <\/p>\n\n\n\n<p>Das Band, als Symbol fester Vereinigung, in der alle Glieder einer Kette durch Treue und Eintracht miteinander verbunden sind. Der Gleichheitsgedanke wird zudem durch eine kleine, leicht zu \u00fcbersehende Besonderheit auf dem Bijou ausgedr\u00fcckt: <\/p>\n\n\n\n<p>Der Kopf des Falters, liegt exakt in der Bijoumitte; von diesem Punkt aus ist jeder andere Punkt der Kordel gleich weit entfernt. Auf den Fl\u00fcgeln des Falters sind jeweils 7 Augenflecken dargestellt, diese deuten auf die ersten 3 Grade und die darauf aufbauenden 4 Erkenntnisstufen hin. Die R\u00fcckseite (sog. Revers) besteht aus glattem Silber ohne Besonderheiten.<\/p>\n\n\n\n<p>Das Schmuckst\u00fcck wird in traditioneller Handarbeit, mit viel Hingabe und Akribie, von dem talentreichen Regensburger Goldschmied Andreas Butz gefertigt: Nach Abnahme des Prototyps, beginnt die Herstellung der finalen Gussvorlagen und der Gie\u00dfwerkzeuge. Nach dem Guss der Werkst\u00fccke, werden diese sorgf\u00e4ltig vers\u00e4ubert. Als Material f\u00fcr das Bijous fiel die Entscheidung auf 925er Silber. Dieses edle Metall besitzt einzigartige Eigenschaften, so reflektiert es beispielsweise das Licht besser als jedes andere Metall. Mittels spezieller Verfahren wird die Oberfl\u00e4che anschlie\u00dfend k\u00fcnstlich gealtert und poliert. Auf diese Weise entstehen wunderbare schwarz\/wei\u00dfe Kontraste auf der Oberfl\u00e4che und die Symbole treten deutlich hervor. Der vergoldete Falter landet am Ende des Herstellungsprozesses mit seinen zwei kleinen F\u00fc\u00dfchen passgenau auf dem Bijou; diese F\u00fc\u00dfe werden an der R\u00fcckseite des Bijous verschwei\u00dft und verschliffen.<\/p>\n\n\n\n<div class=\"wp-block-group alignfull has-global-padding is-layout-constrained wp-container-core-group-is-layout-1 wp-block-group-is-layout-constrained\" style=\"padding-top:var(--wp--preset--spacing--30);padding-right:var(--wp--preset--spacing--30);padding-bottom:var(--wp--preset--spacing--30);padding-left:var(--wp--preset--spacing--30)\"><\/div>\n\n\n\n<p><\/p>\n","protected":false},"excerpt":{"rendered":"<p>Das Bijou der Johannis-Freimaurerloge \u201eAd Fontes\u201c ist ein besonderes, weltweit einzigartiges und eigenst\u00e4ndiges Kunstwerk, das Logennamen und Leitmotiv in bildhafter Darstellung zum Leben erweckt. An einem hellblauen, circa 4 cm breiten und circa 70 cm langen Band, wird es bei offiziellen Anl\u00e4ssen stolz getragen. Dem \u00e4sthetischen Wert geht ein ideeller voraus: Alle Gr\u00fcndungsmitglieder sind mit [&hellip;]<\/p>\n","protected":false},"author":1,"featured_media":55,"parent":0,"menu_order":0,"comment_status":"closed","ping_status":"closed","template":"","meta":{"_monsterinsights_skip_tracking":false,"_monsterinsights_sitenote_active":false,"_monsterinsights_sitenote_note":"","_monsterinsights_sitenote_category":0,"footnotes":""},"class_list":["post-162","page","type-page","status-publish","has-post-thumbnail","hentry"],"aioseo_notices":[],"_links":{"self":[{"href":"https:\/\/ad-fontes-regensburg.de\/index.php?rest_route=\/wp\/v2\/pages\/162","targetHints":{"allow":["GET"]}}],"collection":[{"href":"https:\/\/ad-fontes-regensburg.de\/index.php?rest_route=\/wp\/v2\/pages"}],"about":[{"href":"https:\/\/ad-fontes-regensburg.de\/index.php?rest_route=\/wp\/v2\/types\/page"}],"author":[{"embeddable":true,"href":"https:\/\/ad-fontes-regensburg.de\/index.php?rest_route=\/wp\/v2\/users\/1"}],"replies":[{"embeddable":true,"href":"https:\/\/ad-fontes-regensburg.de\/index.php?rest_route=%2Fwp%2Fv2%2Fcomments&post=162"}],"version-history":[{"count":8,"href":"https:\/\/ad-fontes-regensburg.de\/index.php?rest_route=\/wp\/v2\/pages\/162\/revisions"}],"predecessor-version":[{"id":325,"href":"https:\/\/ad-fontes-regensburg.de\/index.php?rest_route=\/wp\/v2\/pages\/162\/revisions\/325"}],"wp:featuredmedia":[{"embeddable":true,"href":"https:\/\/ad-fontes-regensburg.de\/index.php?rest_route=\/wp\/v2\/media\/55"}],"wp:attachment":[{"href":"https:\/\/ad-fontes-regensburg.de\/index.php?rest_route=%2Fwp%2Fv2%2Fmedia&parent=162"}],"curies":[{"name":"wp","href":"https:\/\/api.w.org\/{rel}","templated":true}]}}